 r(k) = k**3 + 3*k**2 + 5*k - 15. Let n be r(-6). Let y = d + n. What are the prime factors of y?
5, 13
Suppose -5*v = -5*r - 150, 2*v + 4*r = r + 35. Let q = 95 - v. List the prime factors of q.
2, 5, 7
Let d be 4/10 - 348/(-5). Let l be (-2)/(28/(-6)) + (-400)/(-112). Suppose l*f - d = 10. List the prime factors of f.
2, 5
Let o = 2950 + -2027. What are the prime factors of o?
13, 71
Suppose -2*p - 3*p = w - 20, 0 = 4*p - 16. Suppose 6*f - 2*f + 8 = w. List the prime factors of f/(2*(-1)/42).
2, 3, 7
Let j = -1750 - -2563. What are the prime factors of j?
3, 271
Suppose -93 = -4*b - 93. Let i(d) = d + 142. What are the prime factors of i(b)?
2, 71
Suppose -b - b = 4*f - 94, -5*b + 235 = -5*f. List the prime factors of b.
47
Let f(b) = 198*b + 223. What are the prime factors of f(6)?
17, 83
Let t = 56 + 489. What are the prime factors of t?
5, 109
Let s(t) = -3*t**3 - t**2 + t + 2. Let w be s(-1). Suppose 3*z = -4*x + 103, 6*x = w*z + x - 67. What are the prime factors of z?
29
Suppose 2*k - 5*k = -6. Suppose -6 = -4*f + k. Suppose -23 = -m - 3*b, 2*m = -2*b - f*b + 56. List the prime factors of m.
2, 19
Let d = -30 - -44. Suppose -3*z + d = -280. What are the prime factors of z?
2, 7
List the prime factors of (80/140)/(4/12572).
2, 449
Let z = 170 + 60. What are the prime factors of z?
2, 5, 23
Let h = 242 + 115. List the prime factors of h.
3, 7, 17
Let i be (1*2)/(17/5406). Suppose 3*f - 2*n - 3*n = i, -f + 3*n + 212 = 0. List the prime factors of f.
2, 53
Let t = 956 + -394. What are the prime factors of t?
2, 281
Let p(z) = -2*z**3 - z**2 - z + 1. Suppose 8 = 3*l - 7*l + 3*n, -n = 0. What are the prime factors of p(l)?
3, 5
Suppose -5*c + 572 = v - 6*c, 4*c + 581 = v. What are the prime factors of v?
569
Suppose 5746 = 4*z + 2*t, -28*t = -5*z - 27*t + 7179. What are the prime factors of z?
2, 359
Let o(q) = q**3 + 10*q**2 + 10*q + 29. Let p be o(-9). Suppose 5*x + 94 = 329. Let z = x - p. What are the prime factors of z?
3
Suppose 0 = -5*k - 0 - 30. Let d be (4/(-3))/(k/(-18)). List the prime factors of (-59)/(-2) - (-6)/d.
2, 7
Let r(x) = 481*x**2 - 11*x - 12. List the prime factors of r(-1).
2, 3, 5
Let o = 149 + -225. Let b be (-54)/(o/(-28) - 3). Suppose 0 = 2*u - 5*h - 97, -5*u - 14 = h - b. What are the prime factors of u?
2, 3
Let o(g) = -2*g**2 + 5*g**2 - 13 + 4*g**2 + 4*g - 6*g**2. What are the prime factors of o(-10)?
47
Let d = 1985 + -1386. Let r be d/(-5) - 4/20. What are the prime factors of (-12)/(-8)*r/(-9)?
2, 5
Let s(p) = -p**3 + p**2 - 2*p + 72. Let j be 3 + ((-5)/(-15))/(2/(-18)). What are the prime factors of s(j)?
2, 3
Suppose -3*l + 2 = -10. Suppose -4*r + 132 = -4*x, 5*r - l*r - 31 = 3*x. What are the prime factors of r?
2, 17
Let o be 12/(-16)*(-6 - 2). Suppose 0*b + o = b. Suppose b = c - 1. What are the prime factors of c?
7
Let m be (-2)/(-5) - 288/45. Let p = -2 - m. Suppose p*z - z = 45. What are the prime factors of z?
3, 5
Let q be 2/4*24/1. List the prime factors of 435/4 + 3/q.
109
Let n = 1857 - 1311. What are the prime factors of n?
2, 3, 7, 13
Let f = -7 - -11. Suppose -5 = b - 5*x, -6*x + 3*x + 3 = -f*b. Suppose -j - j + 52 = b. What are the prime factors of j?
2, 13
Suppose 0 = -4*m + 2*z + 5702, 207*m = 210*m - z - 4279. What are the prime factors of m?
2, 3, 7, 17
Let z be (-6)/(-4 - -2) - 0. Suppose -11 - 14 = -5*l. Suppose -l*x = -z*x - 34. List the prime factors of x.
17
Let q = 94 + -17. Suppose -7*w = -98 - q. List the prime factors of w.
5
Let d = -1843 - -3183. List the prime factors of d.
2, 5, 67
Let c be 0 + 4/(-6)*3. What are the prime factors of (-34)/c*(-4 - -6)?
2, 17
Suppose 52 - 17 = 5*w. List the prime factors of 78/(-3)*w/(-2).
7, 13
Suppose 3 = 2*g - g. Suppose 260 = -g*w + 7*w. List the prime factors of w.
5, 13
Let b(w) = w**2 + 11*w - 8. Let m be b(-8). Let c be 175/14*m/(-5). Suppose -4*g - 2*s = -g - c, 4*s + 80 = 4*g. What are the prime factors of g?
2, 3
Let v(q) = -q - 3. Let d be v(0). Suppose 11*y = 10*y + 19. Let u = d + y. What are the prime factors of u?
2
Let u be 2 - 5/10*-458. Suppose 0 = 10*b - u - 49. List the prime factors of b.
2, 7
Let b = -21 + 26. Suppose 7*o - b*o = 82. List the prime factors of o.
41
Let q(y) = y**2 - 2*y + 1. Let t(f) = 3*f**3 + f**2 - f + 1. Let l be t(1). Suppose -l = -4*m + 24. What are the prime factors of q(m)?
2, 3
Suppose 4*y = -4*j - 4, -5*y = 5*j - 4*j - 7. Suppose 418 = 2*s - 0*u + 2*u, -y*s + 422 = -2*u. List the prime factors of s.
2, 3, 5, 7
List the prime factors of (1 + 9)*6/(24/1018).
5, 509
Let c = 11 + -10. What are the prime factors of 3 - (-60 - -1 - c)?
3, 7
Let v(i) be the second derivative of -i**5/20 - 7*i**4/12 - 4*i**3/3 - 5*i**2/2 + 5*i. List the prime factors of v(-6).
7
Let g be (-335)/(-6) + ((-34)/12 - -3). Let a = g - 7. List the prime factors of a.
7
List the prime factors of ((-5)/(15/1))/(4/(-168)).
2, 7
Suppose -4*l + 96 + 132 = 0. Suppose 2*z - z = 3*a - 165, 0 = a - z - l. List the prime factors of a.
2, 3
Let m = -36 - -39. Suppose -2*h + 94 = m*r - 18, -5*r = 5*h - 190. What are the prime factors of r?
2, 3
Suppose -18*m = -24*m + 2436. What are the prime factors of m?
2, 7, 29
Let b be (1 - 2)*0/3. Let q(t) be the third derivative of -t**6/120 + 4*t**3 + 2*t**2. What are the prime factors of q(b)?
2, 3
Let t(m) = 6*m**2 - 13. Let z be t(6). Suppose -5*p = -z - 132. What are the prime factors of p?
67
Suppose 91*k - 8 = 87*k. List the prime factors of (k/4)/(4*4/4320).
3, 5
List the prime factors of 852/6 + 4 + 3/1.
149
Let u(g) be the second derivative of g**4/4 - 7*g**3/2 + 9*g**2/2 - 25*g. List the prime factors of u(11).
3, 47
Let z be 48/15*(-50)/(-4). Let o(s) = s**3 - 2*s**2 - 5*s + 2. Let y be o(3). Let u = y + z. What are the prime factors of u?
2, 3
Let i = -5 - -8. Let r be -2*(-2 + (-4)/(-8)). List the prime factors of i - (-3 - 60/r).
2, 13
Suppose 5*s - 15 + 5 = 0. Suppose 0 = -5*k - s*y - 3*y + 15, -3*y = 0. Suppose -4*g = k*l - 20, -2*l = 3*g - 2*g - 10. List the prime factors of g.
2
Suppose -3*k + 48 = -240. Suppose h + 0*h = k. Suppose -10*i + h = -6*i. List the prime factors of i.
2, 3
Suppose 18 = 5*t - 7. Suppose -k - 222 = -2*r - 0*k, t*r - 529 = -4*k. What are the prime factors of r?
109
Suppose -4*t - 4*z = 148, 3*t = -t - 3*z - 153. List the prime factors of (t/(-15) - 0)*15.
2, 3, 7
What are the prime factors of 12/9*(1039 + (8 - 3))?
2, 3, 29
Suppose -7026 - 7734 = -15*a. List the prime factors of a.
2, 3, 41
Suppose 6*m - 218 - 358 = 0. List the prime factors of m.
2, 3
Let l(q) = -2*q**2 + 31*q + 10. Let r be l(16). Let b = 242 + r. What are the prime factors of b?
2, 59
Let o = 465 + -117. What are the prime factors of o?
2, 3, 29
Let x(u) = -4*u - 1. Let y be x(-1). Suppose -y*j = j - 52. Let a = 26 + j. List the prime factors of a.
3, 13
List the prime factors of (-14706)/(-24)*(80/6)/5.
2, 19, 43
Suppose 3*t = -3 + 6, 3*k - 1074 = 3*t. Let j = k + -217. What are the prime factors of j?
2, 71
Suppose 7*c + 927 = 10*c. What are the prime factors of c - -2*(44/8 - 4)?
2, 3, 13
Let b be (-2)/(-6) - (-2)/(-6). Suppose -3*h = y - 269, b*h + 529 = 2*y - 3*h. List the prime factors of y.
2, 7, 19
Let c(g) = g**3 - 3*g**2 - 2*g - 4. Let w be c(4). Let d = -22 - w. What are the prime factors of d/13 + 13*1?
11
Suppose -71*w = -65*w - 528. What are the prime factors of w?
2, 11
Suppose 0 = 110*v - 112*v + 2856. What are the prime factors of v?
2, 3, 7, 17
Let y(i) = -i**3 + 5*i**2 + 7*i + 9. Suppose 2*z + 9 = 5. What are the prime factors of y(z)?
23
Let i(k) = k**3 - 23*k**2 - 23*k. Let h be i(24). List the prime factors of (h/5)/(1 - 144/150).
2, 3, 5
Let d = -56 + 247. What are the prime factors of d?
191
Suppose 5*q = 2*l + 1742, l - 2*l + 347 = q. Let n = q - 202. List the prime factors of n.
2, 73
Let r(a) = 1716*a**3 + 8*a**2 - 6*a - 2. What are the prime factors of r(1)?
2, 3, 11, 13
Let z(c) = 10*c + 3. Let w = 46 - 37. List the prime factors of z(w).
3, 31
Let s be 0/(-17) - 24/(-1). Suppose -23*q = -s*q + 143. List the prime factors of q.
11, 13
Let c be ((-3)/(-6))/(2/60). Let h = c + 60. List the prime factors of h.
3, 5
Let o(r) = 15*r**3 - 2*r**2 - 2*r + 3. Let t be o(2). Let f = -142 + 63. Let x = f + t. What are the prime factors of x?
2
Suppose 0 = 4*f